?
21
Let p = 722 + -703. Let s(z) = -22*z - 5. Let x be s(5). Let l = x - -172. Calculate the greatest common factor of l and p.
19
Let u be (-9*(-4)/(-6))/(-3). Suppose 0 = i - 5*i - 36. Let z be (-3 - -2)*(i + u). Calculate the highest common divisor of z and 56.
7
Let v(h) be the first derivative of -14 + 1/2*h**2 + 6*h. Let q be v(3). What is the highest common divisor of q and 81?
9
Suppose -u + 5*o + 2 - 23 = 0, 0 = -5*u - 5*o + 45. Suppose u*h = 123 - 11. What is the highest common divisor of h and 14?
14
Let n = -459 + 705. What is the greatest common factor of 12 and n?
6
Let y = 1107 + -1092. Calculate the highest common factor of 50 and y.
5
Let c = -24 - -34. Let i be (-4 + 44)*(-4)/(-4). What is the highest common factor of c and i?
10
Let n(r) = r**2 + r + 3*r + 2 + 11. Let b be n(7). Calculate the greatest common factor of b and 60.
30
Let l = -30 + -111. Let t = -101 - l. Calculate the greatest common divisor of 10 and t.
10
Let f = 2604 + -2468. Calculate the greatest common divisor of f and 51.
17
Let o = 116 - 67. What is the highest common factor of 3577 and o?
49
Let d(m) = 74*m**2 + 51*m - 147. Let c be d(3). What is the highest common factor of 210 and c?
42
Let c be -11*((-14)/(-21))/((-1)/3). Let n = c + -11. What is the highest common factor of n and 11?
11
Suppose u + 3 = 6. Let x = u - -5. Suppose 4*c = k - 10 + 29, 3*k - 4*c = -17. What is the highest common divisor of x and k?
1
Suppose 5*h = 3*j - 8, 3*j - 3 = 4*h + 1. Let t be -50*(h - -3) + -2. Let u = 13 + 3. Calculate the highest common factor of u and t.
16
Let m = 111 + 21. What is the greatest common factor of 12 and m?
12
Let t be 3 - 2849/(-63) - (-4)/(-18). What is the highest common factor of t and 40?
8
Let t(b) = -2*b + 14. Let g be t(6). Suppose -g*d = -7*d - 2*h - 103, 5*d - h + 106 = 0. Let p = -10 - d. What is the highest common factor of 1 and p?
1
Suppose 0 = 2*a + 2*a - 12. Suppose 14*t - 1485 = a*t. Calculate the greatest common factor of 15 and t.
15
Let k(q) = -q**2 + 14*q - 25. Let a be k(3). What is the highest common divisor of 392 and a?
8
Let d(c) be the first derivative of -c**3/3 + 5*c**2/2 - c + 11. Let x be d(2). Calculate the highest common divisor of 35 and x.
5
Let b(o) = -8*o**2 - 4*o + 4. Let l be b(2). Let d = -32 - l. Calculate the greatest common factor of d and 10.
2
Suppose -4*x + 10*x = 780. Suppose x = 4*n - 2*n. Suppose 39 = 5*p - 2*p. Calculate the highest common factor of n and p.
13
Let z = 37 - 32. Suppose 10 = -z*d + 15. Calculate the highest common factor of d and 7.
1
Suppose 0 = l + 25 - 40. Let a(u) = 4*u - 42. Let w be a(l). Let x be 37/4 - 2/8. Calculate the highest common divisor of w and x.
9
Suppose -4*c = -5*n + 860, 3*c + 549 - 198 = 2*n. Let s = 80 + -56. What is the greatest common factor of n and s?
24
Let g be -10 + (-2)/4*-90. What is the highest common divisor of g and 259?
7
Let g = -790 + 870. Suppose -4*j + q + 2*q = 3, 0 = -3*j - 5*q + 5. Let w be j + -1 + 2 - -9. What is the highest common factor of g and w?
10
Suppose -22*f + 582 + 980 = 0. Calculate the highest common factor of f and 355.
71
Let c be 7/(-21) + (-48)/(-9). Suppose f - 49 + 134 = 3*w, -c*f - 155 = -5*w. Let h be 216 + (0/2)/2. What is the highest common factor of h and w?
27
Let p(h) = 5*h - 2. Let v be p(2). Let j be -3 + (21/2 - 3/(-6)). Let f be 18/j - 5/20. What is the highest common factor of f and v?
2
Let z = 4 + 0. Suppose 10 = -z*b + 5*b. Calculate the highest common factor of 50 and b.
10
Let u(g) = g**3 - 4*g + 5. Suppose -3*l - 9 = 3*o, 6*o + 12 = -2*l + o. Let q = l - -4. Let j be u(q). Calculate the highest common factor of 50 and j.
10
Suppose 0 = 4*t - 2*c - 10, 16 = c + 13. What is the greatest common divisor of t and 156?
4
Suppose -5*g = -2*g + 4*p - 1636, 3*p = 5*g - 2717. What is the highest common divisor of 16 and g?
16
Let v(d) = 13*d**2 + 2*d - 8. Let o be v(4). Calculate the greatest common factor of 13 and o.
13
Let b(v) = -8*v - 3. Let y = -26 - -30. Suppose 4*g = -20, -y*g = -2*z - 0*z + 14. Let r be b(z). Calculate the highest common factor of 14 and r.
7
Let u = 1385 + -1375. What is the greatest common divisor of u and 410?
10
Suppose -4*j + 12 = 0, -3*k + 15 = -13*j + 9*j. What is the highest common factor of k and 69?
3
Suppose 3*o + 5 = 8. Let i be (-3 + o)*(-67 - (-1 + 4)). What is the highest common factor of 35 and i?
35
Suppose -2*r + r + 4*q + 29 = 0, 2 = -2*r - 4*q. Let f = -32 + 35. Let o(b) = 7*b**2 - 6*b. Let u be o(f). What is the greatest common factor of r and u?
9
Suppose 0 = -29*v + 33*v - 152. Suppose u = -4*u - 10, 0 = 2*y - 4*u - v. What is the greatest common factor of y and 120?
15
Suppose 0 = -3*a + 2*a - 1. Let o be 66*a*1/(-3). Let q = -49 + 104. Calculate the highest common divisor of o and q.
11
Let n be (-2485)/(-56) + 1 - 3/8. Calculate the highest common divisor of 63 and n.
9
Let y be (-120)/(-30)*(-8)/(-1). What is the highest common factor of y and 608?
32
Suppose 0*l + l + 8 = 0. Let r = 13 + l. Suppose 0 = -5*s - 15, 5*b = -2*s - 2*s + 13. Calculate the greatest common divisor of b and r.
5
Let i be ((-234)/(-104))/((-131)/132 + 1). Calculate the greatest common divisor of i and 162.
27
Suppose 10 = -8*s + 13*s. Suppose 38 = s*w - 0. Calculate the greatest common factor of 57 and w.
19
Let i(x) = 94*x + 492. Let n be i(-5). What is the greatest common divisor of n and 539?
11
Suppose 5*l - 7*l - 215 = -3*w, 5*w + 2*l = 385. Calculate the greatest common divisor of w and 6.
3
Let x = 65 + -63. Calculate the greatest common factor of x and 25.
1
Suppose -b = 3*j - 139, -73 = -0*j - j + 5*b. What is the greatest common divisor of j and 9?
3
Suppose -111 + 1866 = 65*n. What is the highest common factor of n and 27?
27
Suppose b = -2*q - 51 + 220, -5*q + 10 = 0. What is the highest common divisor of b and 33?
33
Let a = -31 - -47. Let l = a - 1. What is the greatest common divisor of 30 and l?
15
Let u be (3/(-2))/((-3)/2)*31. Let t = -23 + u. Let g(d) = 5*d**2 - d. Let c be g(1). What is the highest common divisor of t and c?
4
Suppose 5*u + 7 = 22. Suppose -186 = u*k + o, -3*o + 82 = -3*k - 92. Let h = k + 97. Calculate the greatest common divisor of 90 and h.
18
Suppose 0 = -0*w - w + 28. Let m = w - 8. Let o = -20 - -120. What is the greatest common factor of m and o?
20
Let i(j) = -89*j. Let g be i(-1). Let r = g - 85. What is the highest common factor of 4 and r?
4
Let c be (-4)/(-6) - 5604/(-18). Calculate the highest common factor of c and 260.
52
Let p = -46 - -63. Let s = p + 2. Calculate the highest common factor of s and 152.
19
Let r be (-1)/(-2 + 3) - 21. Let f = -6 + r. Let x = 50 + f. Calculate the greatest common divisor of 110 and x.
22
Let c = -25 - -28. Let q(l) = l**2 - 2*l + 1. Let y be q(c). Suppose 0 = -i + y*g - 2, -3*i + 3*g = -g - 10. Calculate the greatest common divisor of i and 4.
2
Let q(z) = z**2 - 11*z - 8. Let r be q(13). Let j = r - -31. Calculate the highest common factor of j and 7.
7
Suppose 150 = 2*v + v. Suppose 2*c - 20 = -k, -4*k + 62 = 5*c - 3*c. Suppose 5*r + 3*o - 80 = k, -o = -r + 22. Calculate the highest common divisor of v and r.
10
Let q = 41 + -37. Suppose -4*m - 42 = -5*j, -6 = -m + 3*m. What is the highest common divisor of q and j?
2
Suppose -2*z = -2*l - z + 50, 3*l - 82 = -2*z. Suppose 4*c - 199 = -3*d, -2*c + d = -140 + 33. What is the highest common factor of l and c?
26
Let h(g) = -g + 33. Let t be h(0). Let a(l) = -l**3 - 47*l**2 + 31*l - 794. Let b be a(-48). What is the greatest common factor of b and t?
11
Suppose -24*z + 63 = -225. What is the greatest common factor of 66 and z?
6
Let s be -4 + 12 + 0/6. What is the highest common factor of s and 512?
8
Let d be 1078/(-7)*(-3 - -2)/2. Calculate the greatest common divisor of 22 and d.
11
Let b(n) = 37*n + 2. Suppose 14*c - 13*c = 6. Let x be b(c). Calculate the greatest common factor of 28 and x.
28
Let k = -2347 - -2788. What is the highest common factor of 294 and k?
147
Suppose -j = -3*o - 3*j + 806, 5*j - 530 = -2*o. Suppose 0 = -6*m - 0*m + o. Suppose 4*c - 67 = m. Calculate the highest common factor of 196 and c.
28
Let n be (-260)/(-2) + (-36)/(-18). What is the highest common factor of 176 and n?
44
Let t(a) = a**2 + 9*a - 18. Let m be t(-